 103042*k + 618325. Determine p(-6).
1
Let c(q) = 7*q**2 - 2088*q + 96. Give c(298).
-500
Let d(u) = -319*u**2 + 4718*u + 1015. Calculate d(15).
10
Let o(i) = -i**3 + 37*i**2 + 946*i + 121. Calculate o(-18).
913
Let c(y) = -5*y**2 - 856*y + 43233. Determine c(-212).
-15
Let w(x) = x**2 + 214*x - 11069. Determine w(44).
283
Let p(c) = -385*c - 1297. Calculate p(-5).
628
Let n(g) = -g**3 + 193*g**2 + 372*g - 178981. Give n(190).
-1
Let f(n) = -3*n**2 - 255*n - 5502. Give f(-41).
-90
Let d(v) = -v**3 - 6*v**2 + 359*v + 3148. Give d(-8).
404
Let b(z) = 144*z**2 + 118*z + 222. Calculate b(-2).
562
Let v(c) = -2*c**3 - 1169*c**2 + 12460*c - 20804. Calculate v(-595).
21
Let p(c) = 58623*c + 117141. Calculate p(-2).
-105
Let z(u) = -9*u**2 + 109*u + 751. Calculate z(-5).
-19
Let c(p) = -789*p**2 + 97835*p + 139. Give c(124).
15
Let y(b) = -2034*b + 1385157. What is y(681)?
3
Let b(r) = -4950*r - 2450. What is b(-1)?
2500
Let r(x) = -11*x**3 + 55*x**2 - 278*x + 411. What is r(2)?
-13
Let r(n) = n**3 - 182*n**2 - 3063*n + 21283. Give r(197).
7
Let r(q) = -3454*q + 58176. Determine r(17).
-542
Let x(o) = 2*o**2 + 28*o - 1965. Determine x(-41).
249
Let v(p) = p**3 - 1019*p**2 - 390850*p + 599. Give v(-297).
5
Let c(b) = -622*b + 49766. Give c(80).
6
Let o(d) = 731892*d - 4391353. Calculate o(6).
-1
Let t(j) = -118880*j - 594757. Calculate t(-5).
-357
Let m(u) = 967*u - 22034. Determine m(17).
-5595
Let f(d) = d**3 + 22*d**2 - 20654*d - 124427. Determine f(-6).
73
Let a(j) = 2*j**3 + 141*j**2 - 382*j - 1227. Calculate a(-73).
14
Let w(r) = 2*r**2 - 14718*r - 1175199. Give w(-79).
5
Let v(r) = -3*r**3 - 1809*r**2 + 1921*r - 111. What is v(1)?
-2
Let x(w) = 2120*w + 16922. Give x(-8).
-38
Let x(q) = 2526*q + 58081. What is x(-23)?
-17
Let l(h) = h**3 - 2*h**2 - 267*h + 805. Give l(3).
13
Let c(g) = -1275*g + 228349. Determine c(179).
124
Let h(t) = -444*t**2 - 1064*t - 318. Give h(-2).
34
Let v(d) = d**3 - 13*d**2 + 6131*d - 24366. Give v(4).
14
Let u(v) = -v**2 + 6678*v - 33361. What is u(5)?
4
Let m(p) = 18*p**2 - 892*p - 3828. Determine m(-4).
28
Let x(r) = -222*r - 13333. What is x(-61)?
209
Let r(v) = -2*v**3 - 12*v**2 + 49*v + 63. Give r(-4).
-197
Let n(w) = 53490*w + 106996. Give n(-2).
16
Let s(y) = -1516*y + 1502360. Calculate s(991).
4
Let r(w) = -w**3 + 53*w**2 - 561*w - 29. What is r(15)?
106
Let w(x) = -633*x + 58351. Determine w(92).
115
Let s(y) = -5*y**3 - 15*y**2 - 400*y - 1632. Determine s(-4).
48
Let t(d) = 8523*d - 1414818. Give t(166).
0
Let b(d) = 34*d**2 - 1357*d + 4893. Calculate b(36).
105
Let t(z) = 2*z**2 - 1284*z - 53444. Determine t(-41).
2562
Let d(a) = -18435*a - 239644. Calculate d(-13).
11
Let n(r) = 974*r - 18519. What is n(19)?
-13
Let n(s) = -12*s**3 - 158*s**2 - 14*s + 53. Determine n(-13).
-103
Let v(o) = -o**2 - 79*o + 21. Give v(0).
21
Let x(t) = 833*t - 380678. Determine x(457).
3
Let z(d) = -2690*d - 49262. Determine z(-18).
-842
Let o(n) = -n**2 - 8505*n - 84969. What is o(-10)?
-19
Let s(f) = -70779*f - 353884. What is s(-5)?
11
Let f(a) = -8394*a - 59275. Give f(-7).
-517
Let r(b) = 5*b**2 + 51*b + 449. What is r(-11)?
493
Let l(y) = 14*y**2 + 572*y - 1536. Calculate l(-44).
400
Let j(t) = 19*t**3 - 8*t**2 - 852*t + 3427. Give j(4).
1107
Let q(t) = 3*t**2 + 630*t + 32095. Calculate q(-123).
-8
Let u(b) = -1312*b**2 - 18370*b - 43. What is u(-14)?
-15
Let b(p) = 9*p**2 + 3596*p + 35725. Give b(-10).
665
Let j(s) = s**2 - 62551*s + 125090. Determine j(2).
-8
Let s(x) = 134*x**2 + 993*x + 1128. Give s(-6).
-6
Let i(t) = -12*t**2 + 717*t - 443. Determine i(56).
2077
Let k(b) = 54*b**2 - 1241*b + 2. Give k(23).
25
Let q(k) = -535*k + 355. Calculate q(0).
355
Let k(b) = -7457*b + 67394. Determine k(9).
281
Let t(k) = 174156*k - 2438178. What is t(14)?
6
Let u(k) = 2*k**3 - 130*k**2 - 14*k + 636. What is u(65)?
-274
Let l(h) = -327*h + 42829. Give l(131).
-8
Let y(r) = -r**3 - 62*r**2 - 270*r + 870. What is y(-57)?
15
Let y(u) = -2*u**2 - 69*u + 362. Determine y(6).
-124
Let u(i) = 2*i**2 + 665*i - 6173. Give u(9).
-26
Let s(q) = 124*q + 18343. Calculate s(-149).
-133
Let d(a) = -13*a**2 + 200*a - 358. What is d(10)?
342
Let n(y) = y**3 + 102*y**2 - 7*y - 739. What is n(-102)?
-25
Let o(z) = 2*z**2 - 1258*z + 156100. Determine o(170).
40
Let b(m) = 6*m**2 - 10668*m + 31958. Calculate b(3).
8
Let z(t) = -41*t**2 - 11872*t - 11870. Give z(-1).
-39
Let s(r) = -127438*r - 1529254. Determine s(-12).
2
Let p(l) = -l**3 + 117*l**2 + 1277*l + 47. Determine p(-10).
-23
Let q(s) = -2078*s**3 - 4*s**2 - 7*s + 5. Give q(1).
-2084
Let k(z) = 200*z**2 - 36*z - 180. Calculate k(-2).
692
Let h(x) = -x**3 - 21*x**2 - 128*x - 1057. Calculate h(-17).
-37
Let n(m) = 21367*m - 1987129. Calculate n(93).
2
Let b(v) = 7577*v - 212199. Give b(28).
-43
Let l(d) = 8*d**2 - 885*d - 16205. Determine l(-16).
3
Let n(y) = -y**2 - 114*y - 1404. What is n(-11)?
-271
Let h(x) = x**3 - 17*x**2 - 4436*x + 58350. Calculate h(13).
6
Let b(w) = -7*w**2 + 445*w - 63. What is b(63)?
189
Let u(w) = -2964643*w - 14823199. Give u(-5).
16
Let b(n) = n**3 - 339*n**2 + 22353*n + 5145. Calculate b(90).
15
Let h(m) = 7*m**2 - 1140*m - 2325. Calculate h(-2).
-17
Let z(i) = 69*i - 8363. Determine z(117).
-290
Let o(x) = 2*x**3 + 26*x**2 - 132*x - 314. Calculate o(5).
-74
Let i(w) = w**2 - 343*w + 15085. Determine i(291).
-47
Let o(k) = 16*k**3 - 272*k**2 - 957*k + 13. Calculate o(-3).
4
Let g(z) = z**3 + 31*z**2 - 662*z - 20160. Give g(-32).
0
Let i(v) = -6*v**3 + 8*v**2 - 6727*v + 20243. Determine i(3).
-28
Let a(v) = 2913*v + 1806061. What is a(-620)?
1
Let f(q) = -6*q**3 - 197*q**2 + 372*q + 34. Calculate f(-35).
2939
Let b(i) = -32036*i - 17363517. What is b(-542)?
-5
Let z(k) = 70017*k + 140028. Give z(-2).
-6
Let q(p) = 2801*p - 34651. What is q(13)?
1762
Let i(r) = -r**3 - 385*r**2 + 7887*r + 3176063. Calculate i(-384).
-1
Let b(u) = 3514*u - 5396. Give b(2).
1632
Let y(k) = -372*k - 8891. Calculate y(-36).
4501
Let o(s) = 2101*s + 40054. Give o(-19).
135
Let k(c) = -7230*c + 383378. Give k(53).
188
Let p(z) = 2*z**3 + 44*z**2 + 220*z + 145. What is p(-6)?
-23
Let u(y) = 23*y**3 + 590*y**2 + 906*y - 152. Give u(-24).
-8
Let k(p) = 42*p**2 - 10360*p - 3469. Give k(247).
-11
Let w(x) = -14*x**2 - 154*x + 225. Determine w(-14).
-363
Let j(f) = 21417*f**2 + 5761174*f + 267. Calculate j(-269).
-2
Let b(h) = 1741*h + 8465. What is b(-5)?
-240
Let s(o) = -25*o**3 + 7*o**2 - 9*o + 23. Give s(3).
-616
Let a(w) = 45521*w - 16068911. What is a(353)?
2
Let v(l) = 40*l**2 - 2280*l - 332. What is v(57)?
-332
Let v(p) = -3*p**2 - 836*p + 6694. Determine v(8).
-186
Let m(j) = -37*j**3 + 6*j**2 - 14*j + 29. Determine m(3).
-958
Let c(d) = -2258*d - 4856. What is c(-2)?
-340
Let s(r) = -51*r + 902. Calculate s(12).
290
Let u(j) = 484*j**3 - 192*j**2 + 378*j + 2. Determine u(2).
3862
Let q(f) = -3*f**2 + 1082*f + 331. Calculate q(0).
331
Let n(m) = m**2 - 944*m - 27179. Determine n(-28).
37
Let m(p) = 4*p**2 + 478*p - 16479. Determine m(27).
-657
Let w(o) = 2*o**3 - 35*o**2 + 19*o + 158. Determine w(17).
192
Let h(y) = 2*y**2 + 383*y + 1137. What is h(-3)?
6
Let x(b) = -b**3 + 321*b**2 - 325*b + 1346. Determine x(320).
-254
Let o(h) = 9*h**2 + 460*h + 2632. Determine o(-9).
-779
Let d(l) = 1141*l + 1373. What is d(-1)?
232
Let x(m) = -5036*m + 136050. Determine x(27).
78
Let f(l) = -l**2 + 567*l - 31200. What is f(63)?
552
Let a(l) = 133*l**2 - 1360*l + 2716. What is a(2)?
528
Let c(g) = -g**3 - 165*g**2 - 2773*g - 12222. Give c(-10).
8
Let w(o) = -o**3 - 17*o**2 + 44*o - 1248. Determine w(-23).
914
Let m(z) = -1601*z - 88226. Determine m(-55).
-171
Let f(g) = -2*g**3 + 19*g**2 + 1379*g - 15811. Calculate f(12).
17
Let u(k) = -2*k**3 - 39*k**2 + 100*k - 207. What is u(-22)?
13
Let t(j) = 67*j**3 - 481*j**2 + 45*j - 66. What is t(7)?
-339
Let c(k) = -2*k**3 - 301*k**2 + 33*k - 115. Calculate c(0).
-115
Let h(z) = 3*z**3 + 33*z**2 + 11*z - 26. Give h(-13).
-1183
Let g(u) = 17*u**3 + 127*u**2 - 62*u + 95. Determine g(-8).
15
Let q(d) = 175679*d + 878436. What is q(-5)?
41
Let k(l) = 193*l - 36083. Give k(187).
8
Let u(f) = 2*f**2 - 109*f + 418. Determine u(31).
-1039
Let m(p) = 977*p - 3992. What is m(4)?
-84
Let h(p) = -610*p + 13074. Give h(23).
-956
Let p(x) = x**2 - 1013*x + 2